825 (base 9) in base 16?
-679526
What is -45346533 (base 7) in base 13?
-a816aa
Convert -1332433424 (base 5) to base 7.
-40642353
Convert 36151743 (base 8) to base 12.
279a603
2001001112222 (base 3) to base 4
10020210302
Convert -12144221213 (base 5) to base 14.
-1cc03cb
What is -137659 (base 10) in base 14?
-3824b
Convert 130111130 (base 4) to base 7.
662240
What is -101001000101101010101 (base 2) in base 13?
-381aa5
What is -19078a (base 11) in base 2?
-1000111101110000101
Convert -435524 (base 8) to base 13.
-5175a
Convert 8b03b (base 13) to base 4.
331230201
-6613514 (base 9) to base 4
-31203031222
What is 100110111001110 (base 2) in base 5?
1114133
Convert -210554 (base 8) to base 2.
-10001000101101100
Convert 32430441 (base 5) to base 8.
1043071
Convert a39b2 (base 13) to base 2.
1000111101111101011
-4876 (base 10) to base 9
-6617
Convert 4dd414 (base 16) to base 9.
10533583
Convert -2101032 (base 5) to base 14.
-c817
Convert 101101011111100101010110 (base 2) to base 3.
211102220012000
-5c0b46 (base 15) to base 12
-1586370
Convert 10010010101100100110 (base 2) to base 7.
5051544
-1001100111100100010000 (base 2) to base 13
-6a383a
Convert 20113311 (base 8) to base 10.
4232905
6bce27 (base 15) to base 7
61555303
What is b8264 (base 14) in base 11?
284383
Convert -1102124230 (base 5) to base 12.
-969344
Convert -2463467 (base 11) to base 16.
-414daa
200023 (base 5) to base 14
23d5
What is -5333022 (base 7) in base 13?
-1985b8
113302 (base 7) to base 14
7602
What is 1ccae (base 15) in base 10?
93989
Convert -2045994 (base 10) to base 6.
-111504110
Convert 114833 (base 10) to base 14.
2dbc5
Convert -221101020000 (base 3) to base 9.
-841200
What is 1042231420 (base 5) in base 2?
1000110010110011010011
Convert -121054410 (base 6) to base 16.
-22ff86
-32099 (base 10) to base 3
-1122000212
What is 2335450 (base 9) in base 14?
24c782
Convert -1165031 (base 7) to base 5.
-14304344
100010101111001001100 (base 2) to base 11
708205
1344434340 (base 5) to base 3
20121120122002
Convert 1321234031 (base 5) to base 13.
8b9736
Convert 101001110011000110 (base 2) to base 5.
20434311
-220433114 (base 5) to base 15
-13c259
-2734086 (base 12) to base 6
-434452250
Convert 290b026 (base 12) to base 16.
7d965e
Convert -4e0 (base 15) to base 11.
-91a
What is 4103422 (base 5) in base 10?
66112
Convert 389680 (base 12) to base 15.
135366
211510102 (base 6) to base 4
32031223112
-15554113 (base 6) to base 7
-4520103
Convert 4f8a5 (base 16) to base 7.
2524563
-121011000012 (base 3) to base 11
-1a7894
What is -110000000111111011001 (base 2) in base 5?
-400430141
418868 (base 10) to base 9
707518
What is -231423211 (base 6) in base 12?
-1524b07
Convert -31cc8 (base 16) to base 11.
-12a283
What is -212145302 (base 6) in base 12?
-1308232
-d0d0b (base 16) to base 15
-11d657
Convert -479604 (base 15) to base 10.
-3423604
What is 1151630 (base 8) in base 5?
40110222
-1061c1 (base 13) to base 3
-201112211220
89597 (base 10) to base 15
1b832
Convert 133650 (base 7) to base 6.
313240
Convert -2012201100121 (base 3) to base 6.
-41105411
38981b (base 15) to base 9
5087648
Convert -8da6 (base 14) to base 2.
-110000001000110
What is 223243403 (base 6) in base 5?
2021034403
-1542198 (base 12) to base 6
-232305112
-122013332 (base 7) to base 8
-35136741
-1100100100001011111101 (base 2) to base 6
-154333433
What is -230640 (base 8) in base 5?
-10000430
What is -222122121000 (base 3) in base 8?
-2000447
What is 130111003 (base 4) in base 12?
57197
What is -133112220332 (base 4) in base 11?
-4704229
Convert ad40 (base 15) to base 13.
1394a
Convert -2727bb (base 13) to base 8.
-3474024
Convert 11110111100100010011 (base 2) to base 6.
33422335
What is -1012011101122 (base 3) in base 6?
-21322455
10626145 (base 7) to base 3
1202022112121
-11030220000 (base 4) to base 3
-2120012220110
What is -3443210 (base 8) in base 15?
-13730a
What is -340535 (base 8) in base 12?
-566a5
Convert 1302243232 (base 5) to base 3.
12221211011121
201513 (base 8) to base 5
4111004
796b0 (base 13) to base 7
1606620
-4864a6 (base 11) to base 16
-bbf7e
What is -585918 (base 12) in base 7?
-15032645
-5a499 (base 11) to base 8
-252103
-79791 (base 10) to base 13
-2a41a
Convert 212332240 (base 5) to base 11.
566918
-137773 (base 12) to base 2
-1001111001010000111
-a3830c (base 13) to base 4
-32203310010
Convert add964 (base 14) to base 7.
101164254
-709071 (base 12) to base 14
-33a68d
-1633326 (base 8) to base 9
-800482
3736523 (base 8) to base 12
418b2b
What is 120739 (base 13) in base 15?
87481
What is -21333a (base 11) in base 10?
-341142
What is -5200134 (base 6) in base 9?
-418364
What is 135a90 (base 11) in base 9?
354077
a9764 (base 12) to base 6
4445004
11100010011001011001110 (base 2) to base 8
34231316
What is 4350465 (base 9) in base 14?
44b4c3
-121220112010 (base 3) to base 8
-1212005
Convert dbae3 (base 15) to base 2.
10101010010101110001
209bd1 (base 14) to base 2
100001101001101011011
What is -32200123120 (base 4) in base 11?
-2168148
133a32 (base 14) to base 13
1a2bb9
Convert -87484 (base 10) to base 2.
-10101010110111100
-1db8da (base 16) to base 2
-111011011100011011010
-4699a2 (base 12) to base 2
-100010101100001001010
What is 637872 (base 10) in base 5?
130402442
2022311231 (base 4) to base 11
359297
-66a75 (base 13) to base 5
-21430314
What is 201146 (base 10) in base 2?
110001000110111010
Convert 23302230122 (base 4) to base 9.
5731325
What is -8c71 (base 16) in base 14?
-d161
c141 (base 16) to base 11
34196
Convert -4064184 (base 9) to base 5.
-1023340303
Convert 1ab108 (base 14) to base 12.
39b184
What is -506570 (base 9) in base 3?
-120020122100
120100212201 (base 3) to base 12
12703a
What is e5296 (base 15) in base 16?
b14c8
Convert 21b08d (base 14) to base 13.
310b59
Convert 111001111100110 (base 2) to base 14.
ab54
What is -114345144 (base 6) in base 8?
-10231530
Convert 1466145 (base 7) to base 2.
110001001011001111
Convert -201130151 (base 6) to base 12.
-1189957
Convert -bc313 (base 15) to base 11.
-379379
874776 (base 11) to base 5
324202044
Convert 10220011221122 (base 3) to base 8.
7713463
Convert 100100000010101110001101 (base 2) to base 14.
137d3ad
Convert 11110000101110011 (base 2) to base 5.
12421001
What is -1258564 (base 9) in base 10?
-688639
Convert 551a6 (base 11) to base 7.
452343
Convert -110223313112 (base 4) to base 6.
-312120222
What is 21120002210 (base 3) in base 14?
3c31d
What is 1011001010001110 (base 2) in base 5?
2430320
What is 76260441 (base 8) in base 2?
111110010110000100100001
What is 15767671 (base 8) in base 6?
210323305
Convert -11101010100011110110101 (base 2) to base 6.
-432423353
Convert cb61f (base 16) to base 3.
1120022201220
Convert -495284 (base 12) to base 9.
-2214641
15604102 (base 7) to base 13
4101b8
What is -1824506 (base 13) in base 10?
-7863914
What is 144044523 (base 6) in base 3?
12122000120020
-45554 (base 12) to base 11
-63441
What is 1101100011110111101 (base 2) in base 9?
746471
What is -10020101011 (base 3) in base 12?
-30a41
What is -3313554 (base 6) in base 10?
-165454
-1212010101001 (base 3) to base 14
-1b97a0
Convert 1101211101000 (base 3) to base 15.
ea939
What is -32883 (base 14) in base 6?
-2342431
Convert -1a824 (base 14) to base 2.
-10000011110000000
Convert -40212 (base 7) to base 14.
-3779
What is 10069a7 (base 13) in base 4?
102132002301
30423033 (base 7) to base 16
26d060
What is 34114 (base 8) in base 11?
a912
What is 1000000000110000110111 (base 2) in base 6?
113003303
What is 4102440 (base 5) in base 8?
200713
Convert -7106321 (base 8) to base 14.
-369c2d
-34b9a2 (base 13) to base 15
-19b813
What is 10114b (base 12) in base 10?
250763
Convert -1721563 (base 13) to base 3.
-112002100000011
1b711 (base 13) to base 4
31022211
What is 26307a (base 11) in base 7?
3343036
Convert a6891d (base 14) to base 4.
111133013133
What is 698721 (base 11) in base 15?
16db7d
Convert -327829 (base 10) to base 2.
-1010000000010010101
1726455 (base 12) to base 14
8c6133
1b1560 (base 12) to base 13
13a2c8
Convert 1001011010011001110 (base 2) to base 10.
308430
195580 (base 10) to base 5
22224310
20313072 (base 8) to base 4
100121120322
Convert -106e7d (base 16) to base 14.
-200629
-1003032120 (base 5) to base 14
-3a1916
Convert -2013021